 and d?
35
Suppose -2*c - 5*i = -47, -2*c + 46 + 46 = -4*i. Calculate the greatest common divisor of c and 243.
9
Let p = 72 + -39. Calculate the highest common divisor of p and 1155.
33
Let a be 20/(4/(-68)*2*-1). Suppose 5*v + 5 = a. What is the greatest common factor of v and 55?
11
Let g be 3/(-2)*-5*2. Suppose -2*z - 50 = -5*x + 2*z, -3*x = z - 13. Calculate the greatest common factor of g and x.
3
Let f = 18 - 21. Let d be 230 + 0 - (f - 1). What is the greatest common factor of d and 26?
26
Let r be 87/(1/6 - (-45)/54). What is the highest common divisor of r and 3?
3
Let g = 386 - 274. Suppose -25 = 4*d - 9, 5*s + d - 76 = 0. Calculate the highest common divisor of g and s.
16
Suppose -2*d - 344 = -3*d + 4*f, 0 = d - f - 332. Let i(v) = -3*v**3 - 5*v**2 + 6*v + 23. Let g be i(-3). Calculate the greatest common divisor of g and d.
41
Suppose 22 - 26 = -2*c. Let t = -8 - -18. Calculate the highest common divisor of c and t.
2
Suppose -3*n - 2*s + 24 = -4*s, n + 5*s - 8 = 0. Let t = n + -7. Let a(p) = 18*p**3 + p. Let z be a(t). What is the greatest common divisor of 209 and z?
19
Suppose 0 = -4*f + 3*q + 96, -5*f + q = -f - 96. What is the greatest common factor of 3 and f?
3
Suppose -11*g = -10*g - 215. Let o = -143 + g. What is the greatest common factor of o and 24?
24
Let s(y) = -9*y**3 + 2*y**2 - 1. Let w be s(1). Let m be (354/2)/3 + -2. Let h = w + m. What is the greatest common factor of 7 and h?
7
Let o = -99 + 198. Let y = o - 70. Calculate the greatest common divisor of y and 319.
29
Let d be 39/2 - 9/(-18). Let r be d/5 - (4 - 2). Suppose -r*c - g + 34 = 0, -8*c - g = -3*c - 85. Calculate the highest common divisor of c and 17.
17
Let v be (-1)/(-2) + 0 - 5759/26. Let x = 540 + v. Calculate the greatest common factor of 29 and x.
29
Let u(j) = j**3 + 5*j**2 - 10*j + 1. Let o be (6 - -4)*15/(-6). Let s = o + 29. Let a be u(s). Calculate the highest common divisor of a and 42.
21
Suppose 24*y = 28*y - 8. Suppose -3*v - y*g = -305, 7*g - 3*g = 2*v - 230. Calculate the greatest common factor of v and 21.
21
Let d be -5 - 24*(-4 + -1). What is the highest common divisor of d and 10?
5
Let s(z) = -13*z - 25. Suppose -5 + 0 = y. Let r be s(y). Calculate the highest common divisor of 100 and r.
20
Suppose -5*t - 43 = -153. Let c = 40 - t. Calculate the highest common factor of 27 and c.
9
Suppose 2*j = 7*j + 3*u + 14, 3*j - 5*u - 12 = 0. Let s(m) = -10*m - 1. Let z be s(j). Let l = -9 + 10. What is the highest common divisor of l and z?
1
Let t be (-984)/(-42) - 4/(-7). Let a be t/64 + (-61)/(-8). What is the greatest common divisor of a and 24?
8
Suppose 2*r + 4*x - 398 = 0, -r + 2*x - 29 + 240 = 0. Calculate the highest common divisor of r and 5.
5
Let m be 11/(((-8)/(-32))/(1/4)). Calculate the highest common divisor of m and 44.
11
Let f be (-1054 - -11)/(-1*5/5). Calculate the highest common divisor of 7 and f.
7
Let i be 1 - (-2 - 217)/3. Let q = -68 + 43. Let p = i + q. What is the highest common factor of 7 and p?
7
Let o(z) = 3*z + 24. Let w be o(-17). Let v be (4 + w/3)*-3. Let x(k) = k + 2. Let f be x(4). What is the greatest common factor of f and v?
3
Suppose -14*h + 1052 + 334 = 0. Suppose -21 = -3*r + h. What is the highest common factor of r and 280?
40
Let m be (-6 - (6 + -11)) + 40. What is the greatest common factor of 624 and m?
39
Let l = 2296 + -2289. What is the greatest common factor of l and 21?
7
Let j be ((-3)/(-3)*204)/1. Suppose -3*k - j = -3*h, 4*h + 4*k = 3*h + 53. Let n = -87 + 113. Calculate the highest common divisor of n and h.
13
Let q(t) = t**3 - 4*t**2 + 4*t + 4. Let f be q(4). Let j be (52 - 42/(-6)) + 1. What is the highest common factor of f and j?
20
Suppose a = -a + 8. Let o be (a - 1 - -109) + -4. What is the highest common divisor of 12 and o?
12
Let h(t) = -3*t**3 - 2*t**2 - 7. Suppose 6 = -w + x, 13 = -3*w + 2*x - 3. Let c be h(w). What is the highest common divisor of c and 17?
17
Suppose 35 = 8*q - 3*q. Suppose -q = -2*h - 1. Suppose 5*l = 2*s + 110, 0 = -h*l - 3*s + 4*s + 66. What is the greatest common divisor of 110 and l?
22
Let b(y) = 4*y + 298. Let o be b(20). Calculate the highest common divisor of 28 and o.
14
Suppose 5*b + 15 = 0, -5*y + 8*y - 2*b - 351 = 0. Calculate the highest common factor of 20 and y.
5
Suppose 128*v - 120*v - 64 = 0. Calculate the highest common divisor of 24 and v.
8
Suppose -3*o + 5*g = -131 - 28, 5*o + 2*g = 265. Suppose 0 = -8*y + o + 123. What is the highest common divisor of 2 and y?
2
Let z be 50 + 2 + 0 + 5. Let r = z - -39. Calculate the highest common divisor of 12 and r.
12
Suppose -4*s = -3*c + 18, c - 7 = -5*s - 1. Let f be 22/6 - c/9. Suppose -u = f*u - 340. What is the greatest common factor of 34 and u?
17
Suppose -p + 7 = -0*p + h, 3*p = 5*h + 61. Suppose -21*d + 11*d = -600. Calculate the highest common divisor of d and p.
12
Let k be ((-567)/(-15))/(103/10 + -10). What is the highest common factor of 42 and k?
42
Let y(b) = b**2 + b + 32. Let r be y(-6). Let m = 106 - r. What is the highest common factor of 484 and m?
44
Suppose -3*k - 2 = -20. Suppose -k*c + 45 = -c. Let i(d) = 3*d**2 + 5*d - 7. Let t be i(1). Calculate the highest common factor of c and t.
1
Let q be (6/(-8))/(2/(-8)). Let a(p) = 9*p + 7. Let b be a(q). Calculate the greatest common divisor of 85 and b.
17
Suppose -2*c + 2*g - 84 = 0, 0 = 4*c + 3*g + 270 - 67. Let k = c + 61. What is the greatest common factor of 7 and k?
7
Suppose 3*o = -3*q + 3, 15*q + 4*o = 10*q + 8. Suppose 2 = 4*f - 2. What is the highest common factor of f and q?
1
Suppose 669 = 10*z - 171. Calculate the greatest common divisor of z and 70.
14
Suppose b - 6*b - 2*o + 30 = 0, 3*o = -2*b + 1. What is the greatest common factor of 136 and b?
8
Let c be 78/5 + (-27)/45. Let u be 4/(-20) + (-526)/(-5). Calculate the greatest common factor of u and c.
15
Let b(x) = 1483*x - 2. Let i be b(-1). Let k be (i/(-25) - 5) + (-2)/5. Calculate the greatest common factor of 6 and k.
6
Suppose -3*u = -77 - 70. Let x be 4/34 + (-50)/425 + (-490)/(-2). What is the highest common divisor of u and x?
49
Suppose -3*i = -7*i + 1136. Suppose -3*v = -310 - i. Suppose -2*s - v = -4*f, -f + s + 54 = -4*s. What is the greatest common divisor of 7 and f?
7
Let x(j) = 0*j - 2 + 0*j - j**2 - 2*j - 3*j. Let t be x(-4). Let a = 23 - t. What is the highest common divisor of a and 7?
7
Suppose -22*f = -661 - 791. What is the greatest common divisor of 150 and f?
6
Suppose 0 = -1461*p + 1473*p - 1296. What is the highest common factor of p and 32?
4
Suppose 2*i - 181 = 5*m + 4*i, -3*i + 61 = -2*m. Let p = m + 299. Let z = -32 + 56. What is the greatest common factor of z and p?
24
Let i(f) = f**3 + 4*f**2 - 4*f + 11. Let n be i(-5). Calculate the greatest common factor of n and 66.
6
Let g(i) = 87*i + 30. Let r be g(2). Calculate the highest common divisor of r and 48.
12
Suppose 6*u = -3*w + 2*u + 209, -5*w + 4*u + 295 = 0. Suppose -3*o + 5*j - 22 = -54, -3*o - 3*j + 48 = 0. What is the highest common factor of w and o?
7
Let m = -3 + -7. Let k = m + 41. Let j(g) = -3*g**3 + 4*g**2 - 8*g - 9. Let n be j(-4). What is the greatest common factor of k and n?
31
Let h = -44 + 64. Let y = h + -37. Let l be y*(-2)/(0 - -2). What is the highest common factor of 119 and l?
17
Let w = -3 + 31. Calculate the greatest common divisor of w and 56.
28
Let m(p) = -3*p + 13*p**2 + 36 - 40 + 0*p - p**2 + 2*p**3. Let r be m(-6). Let f be 2/4 + (-165)/(-6). What is the highest common factor of f and r?
14
Suppose 320 = 6*o - l, -o + 57 = -0*l - 2*l. Calculate the greatest common divisor of 106 and o.
53
Suppose 0 = 2*b - 3*r - 263, 0 = -r + 1 - 2. Let o(t) = -26*t**3 - t**2 + 1. Let p = 5 - 6. Let z be o(p). What is the highest common divisor of b and z?
26
Let a = -4 + 16. Let h be (1 - -2)/(4/a). Suppose -m + 7*y - 2*y = -3, 0 = 2*m - 3*y - 6. What is the highest common factor of m and h?
3
Suppose -11*y + 419 + 725 = 0. Calculate the highest common divisor of y and 8.
8
Suppose -2*m + 0*m + 6 = 0. Let i be -2 - (18 + m)/(-3). Suppose 8*q = 1 + 7. Calculate the highest common divisor of i and q.
1
Let n = 28 - 16. Suppose 16*h = 12*h + 544. Let o = -76 + h. What is the greatest common divisor of n and o?
12
Let w = 15 + 80. What is the great